{"id":24,"date":"2016-03-01T21:48:50","date_gmt":"2016-03-01T20:48:50","guid":{"rendered":"http:\/\/www.gasthof-graf.at\/?page_id=24"},"modified":"2024-06-04T09:51:57","modified_gmt":"2024-06-04T08:51:57","slug":"gasthof","status":"publish","type":"page","link":"https:\/\/www.gasthof-graf.at\/?page_id=24","title":{"rendered":"Gasthof"},"content":{"rendered":"\n<figure class=\"wp-block-gallery has-nested-images columns-4 is-cropped wp-block-gallery-1 is-layout-flex wp-block-gallery-is-layout-flex\">\n<figure class=\"wp-block-image size-large\"><a href=\"https:\/\/www.gasthof-graf.at\/wp-content\/DSC3119.jpg\"><img loading=\"lazy\" decoding=\"async\" width=\"1024\" height=\"561\" data-id=\"44\" src=\"https:\/\/www.gasthof-graf.at\/wp-content\/DSC3119-1024x561.jpg\" alt=\"\" class=\"wp-image-44\" srcset=\"https:\/\/www.gasthof-graf.at\/wp-content\/DSC3119.jpg 1024w, https:\/\/www.gasthof-graf.at\/wp-content\/DSC3119-300x164.jpg 300w, https:\/\/www.gasthof-graf.at\/wp-content\/DSC3119-768x421.jpg 768w\" sizes=\"(max-width: 1024px) 100vw, 1024px\" \/><\/a><\/figure>\n\n\n\n<figure class=\"wp-block-image size-large\"><a href=\"https:\/\/www.gasthof-graf.at\/wp-content\/DSC3115.jpg\"><img loading=\"lazy\" decoding=\"async\" width=\"1024\" height=\"683\" data-id=\"40\" src=\"https:\/\/www.gasthof-graf.at\/wp-content\/DSC3115-1024x683.jpg\" alt=\"\" class=\"wp-image-40\" srcset=\"https:\/\/www.gasthof-graf.at\/wp-content\/DSC3115.jpg 1024w, https:\/\/www.gasthof-graf.at\/wp-content\/DSC3115-300x200.jpg 300w, https:\/\/www.gasthof-graf.at\/wp-content\/DSC3115-768x512.jpg 768w\" sizes=\"(max-width: 1024px) 100vw, 1024px\" \/><\/a><\/figure>\n\n\n\n<figure class=\"wp-block-image size-large\"><a href=\"https:\/\/www.gasthof-graf.at\/wp-content\/DSC3123.jpg\"><img loading=\"lazy\" decoding=\"async\" width=\"1024\" height=\"683\" data-id=\"41\" src=\"https:\/\/www.gasthof-graf.at\/wp-content\/DSC3123-1024x683.jpg\" alt=\"\" class=\"wp-image-41\" srcset=\"https:\/\/www.gasthof-graf.at\/wp-content\/DSC3123.jpg 1024w, https:\/\/www.gasthof-graf.at\/wp-content\/DSC3123-300x200.jpg 300w, https:\/\/www.gasthof-graf.at\/wp-content\/DSC3123-768x512.jpg 768w\" sizes=\"(max-width: 1024px) 100vw, 1024px\" \/><\/a><\/figure>\n\n\n\n<figure class=\"wp-block-image size-large\"><a href=\"https:\/\/www.gasthof-graf.at\/wp-content\/DSC3124.jpg\"><img loading=\"lazy\" decoding=\"async\" width=\"1024\" height=\"683\" data-id=\"46\" src=\"https:\/\/www.gasthof-graf.at\/wp-content\/DSC3124-1024x683.jpg\" alt=\"\" class=\"wp-image-46\" srcset=\"https:\/\/www.gasthof-graf.at\/wp-content\/DSC3124.jpg 1024w, https:\/\/www.gasthof-graf.at\/wp-content\/DSC3124-300x200.jpg 300w, https:\/\/www.gasthof-graf.at\/wp-content\/DSC3124-768x512.jpg 768w\" sizes=\"(max-width: 1024px) 100vw, 1024px\" \/><\/a><\/figure>\n<\/figure>\n\n\n\n<p>Auf unserer Speisekarte findet man typische Hausmannskost wie einen Bauernschmaus oder ein Beuschel mit Semmelkn\u00f6del, aber auch Sommerliches wie den &#8222;Weinviertler Salatteller&#8220; mit gebratenem Speck und ger\u00f6steten K\u00fcrbiskernen.<\/p>\n\n\n\n<p>Eine gut sortierte Weinkarte gibt Ihnen dar\u00fcber hinaus noch die M\u00f6glichkeit die ausgezeichneten Tropfen der Winzer unserer Region zu verkosten.<\/p>\n\n\n\n<p>Am besten nat\u00fcrlich auf unserer gesch\u00fctzen Gartenterrasse, die w\u00e4hrend der warmen Jahreszeit bis zu 50 Personen Platz bietet.<\/p>\n\n\n<p><iframe src=\"https:\/\/cdn9.3dswissmedia.com\/360\/gasthof-graf\/\" width=\"800\" height=\"450\" style=\"border:0;\" allowfullscreen=\"\" loading=\"lazy\" referrerpolicy=\"no-referrer-when-downgrade\"><\/iframe><\/p>\n","protected":false},"excerpt":{"rendered":"<p>Auf unserer Speisekarte findet man typische Hausmannskost wie einen Bauernschmaus oder ein Beuschel mit Semmelkn\u00f6del, aber auch Sommerliches wie den &#8222;Weinviertler Salatteller&#8220; mit gebratenem Speck und ger\u00f6steten K\u00fcrbiskernen. Eine gut sortierte Weinkarte gibt Ihnen dar\u00fcber hinaus noch die M\u00f6glichkeit die&hellip; <\/p>\n","protected":false},"author":4,"featured_media":0,"parent":0,"menu_order":0,"comment_status":"closed","ping_status":"closed","template":"","meta":{"footnotes":""},"_links":{"self":[{"href":"https:\/\/www.gasthof-graf.at\/index.php?rest_route=\/wp\/v2\/pages\/24"}],"collection":[{"href":"https:\/\/www.gasthof-graf.at\/index.php?rest_route=\/wp\/v2\/pages"}],"about":[{"href":"https:\/\/www.gasthof-graf.at\/index.php?rest_route=\/wp\/v2\/types\/page"}],"author":[{"embeddable":true,"href":"https:\/\/www.gasthof-graf.at\/index.php?rest_route=\/wp\/v2\/users\/4"}],"replies":[{"embeddable":true,"href":"https:\/\/www.gasthof-graf.at\/index.php?rest_route=%2Fwp%2Fv2%2Fcomments&post=24"}],"version-history":[{"count":8,"href":"https:\/\/www.gasthof-graf.at\/index.php?rest_route=\/wp\/v2\/pages\/24\/revisions"}],"predecessor-version":[{"id":1154,"href":"https:\/\/www.gasthof-graf.at\/index.php?rest_route=\/wp\/v2\/pages\/24\/revisions\/1154"}],"wp:attachment":[{"href":"https:\/\/www.gasthof-graf.at\/index.php?rest_route=%2Fwp%2Fv2%2Fmedia&parent=24"}],"curies":[{"name":"wp","href":"https:\/\/api.w.org\/{rel}","templated":true}]}}

<figure class="wp-block-gallery has-nested-images columns-4 is-cropped wp-block-gallery-1 is-layout-flex wp-block-gallery-is-layout-flex">
<figure class="wp-block-image size-large"><a href="https://www.gasthof-graf.at/wp-content/DSC3119.jpg"><img loading="lazy" decoding="async" width="1024" height="561" data-id="44" src="https://www.gasthof-graf.at/wp-content/DSC3119-1024x561.jpg" alt="" class="wp-image-44" srcset="https://www.gasthof-graf.at/wp-content/DSC3119.jpg 1024w, https://www.gasthof-graf.at/wp-content/DSC3119-300x164.jpg 300w, https://www.gasthof-graf.at/wp-content/DSC3119-768x421.jpg 768w" sizes="(max-width: 1024px) 100vw, 1024px" /></a></figure>



<figure class="wp-block-image size-large"><a href="https://www.gasthof-graf.at/wp-content/DSC3115.jpg"><img loading="lazy" decoding="async" width="1024" height="683" data-id="40" src="https://www.gasthof-graf.at/wp-content/DSC3115-1024x683.jpg" alt="" class="wp-image-40" srcset="https://www.gasthof-graf.at/wp-content/DSC3115.jpg 1024w, https://www.gasthof-graf.at/wp-content/DSC3115-300x200.jpg 300w, https://www.gasthof-graf.at/wp-content/DSC3115-768x512.jpg 768w" sizes="(max-width: 1024px) 100vw, 1024px" /></a></figure>



<figure class="wp-block-image size-large"><a href="https://www.gasthof-graf.at/wp-content/DSC3123.jpg"><img loading="lazy" decoding="async" width="1024" height="683" data-id="41" src="https://www.gasthof-graf.at/wp-content/DSC3123-1024x683.jpg" alt="" class="wp-image-41" srcset="https://www.gasthof-graf.at/wp-content/DSC3123.jpg 1024w, https://www.gasthof-graf.at/wp-content/DSC3123-300x200.jpg 300w, https://www.gasthof-graf.at/wp-content/DSC3123-768x512.jpg 768w" sizes="(max-width: 1024px) 100vw, 1024px" /></a></figure>



<figure class="wp-block-image size-large"><a href="https://www.gasthof-graf.at/wp-content/DSC3124.jpg"><img loading="lazy" decoding="async" width="1024" height="683" data-id="46" src="https://www.gasthof-graf.at/wp-content/DSC3124-1024x683.jpg" alt="" class="wp-image-46" srcset="https://www.gasthof-graf.at/wp-content/DSC3124.jpg 1024w, https://www.gasthof-graf.at/wp-content/DSC3124-300x200.jpg 300w, https://www.gasthof-graf.at/wp-content/DSC3124-768x512.jpg 768w" sizes="(max-width: 1024px) 100vw, 1024px" /></a></figure>
</figure>



<p>Auf unserer Speisekarte findet man typische Hausmannskost wie einen Bauernschmaus oder ein Beuschel mit Semmelknödel, aber auch Sommerliches wie den &#8222;Weinviertler Salatteller&#8220; mit gebratenem Speck und gerösteten Kürbiskernen.</p>



<p>Eine gut sortierte Weinkarte gibt Ihnen darüber hinaus noch die Möglichkeit die ausgezeichneten Tropfen der Winzer unserer Region zu verkosten.</p>



<p>Am besten natürlich auf unserer geschützen Gartenterrasse, die während der warmen Jahreszeit bis zu 50 Personen Platz bietet.</p>


<p><iframe src="https://cdn9.3dswissmedia.com/360/gasthof-graf/" width="800" height="450" style="border:0;" allowfullscreen="" loading="lazy" referrerpolicy="no-referrer-when-downgrade"></iframe></p>

<p>Auf unserer Speisekarte findet man typische Hausmannskost wie einen Bauernschmaus oder ein Beuschel mit Semmelknödel, aber auch Sommerliches wie den &#8222;Weinviertler Salatteller&#8220; mit gebratenem Speck und gerösteten Kürbiskernen. Eine gut sortierte Weinkarte gibt Ihnen darüber hinaus noch die Möglichkeit die&hellip; </p>
